1, what is -25 - 741a?
-7444
In base 16, what is -41 + 39d?
35c
In base 7, what is 11465214 - 2?
11465212
In base 7, what is -151663 + 3?
-151660
In base 11, what is 9035a - -1?
90360
In base 11, what is -25 + 2a17?
29a2
In base 8, what is 4563 - -167?
4752
In base 13, what is 1b635 + 2?
1b637
In base 6, what is 140125 + -40?
140045
In base 14, what is 206 - -2c9a?
30a2
In base 6, what is 13 + 250121?
250134
In base 15, what is -3 + 173?
170
In base 14, what is -280371 + -4?
-280375
In base 3, what is 10 - 102112200210?
-102112200200
In base 10, what is -4874 - 376?
-5250
In base 7, what is 3 + 125104?
125110
In base 5, what is 322 - 22444?
-22122
In base 14, what is 4 + -236cc?
-236c8
In base 11, what is -578 - 22a?
-7a7
In base 8, what is 1 - 7235?
-7234
In base 15, what is 35 - -196?
1cb
In base 13, what is -4 + 2b2c5?
2b2c1
In base 8, what is 305037 - -4?
305043
In base 7, what is -43230 + 13?
-43214
In base 6, what is 123 + -2311?
-2144
In base 5, what is 10 + 203320023?
203320033
In base 11, what is -46a10 + -4?
-46a14
In base 16, what is -6d1b + 3?
-6d18
In base 8, what is -61 - 2565?
-2646
In base 13, what is -147 + 160?
16
In base 5, what is -141 + -2310?
-3001
In base 5, what is 3 - 1242120?
-1242112
In base 3, what is -1100211 + -21?
-1101002
In base 14, what is 14c + a23?
b71
In base 8, what is 5 + 1247407?
1247414
In base 14, what is -2436 + -6?
-243c
In base 14, what is -148a0 - -37?
-14867
In base 7, what is -43 + -30433?
-30506
In base 12, what is -54115b - 5?
-541164
In base 5, what is -31022 - -1231?
-24241
In base 13, what is 131c4 + c?
13203
In base 16, what is -d25f - -3?
-d25c
In base 13, what is -5 - -5c2bc?
5c2b7
In base 9, what is 1352 + -140?
1212
In base 11, what is 211 + 151a?
1730
In base 15, what is -13e5 - -2?
-13e3
In base 15, what is a - -1e16?
1e21
In base 6, what is 1 + -3030315?
-3030314
In base 5, what is 131412 + -131?
131231
In base 7, what is -21 - 1?
-22
In base 13, what is 0 - -3486?
3486
In base 15, what is -b43b + c?
-b42e
In base 14, what is 2 + 8723?
8725
In base 5, what is 22103123 - -3?
22103131
In base 11, what is 492 - 0?
492
In base 2, what is 110011001001101011 + 10?
110011001001101101
In base 15, what is -15 + 669?
654
In base 16, what is -764 - 6e?
-7d2
In base 14, what is -a - -16d90?
16d84
In base 2, what is 111101101010 - -101110?
111110011000
In base 3, what is 1200001 + 2022011?
10222012
In base 6, what is -40 - 11031?
-11111
In base 13, what is -135 - 7cb?
-933
In base 6, what is 125145 - 23?
125122
In base 6, what is 113 - -1551?
2104
In base 11, what is 3 + -5122?
-511a
In base 16, what is 3 + 1c21e6?
1c21e9
In base 10, what is 67 - -525?
592
In base 7, what is 235 + -3354?
-3116
In base 9, what is 3 - -17610?
17613
In base 13, what is 12 + 5cb?
610
In base 3, what is -11200 - 200010010?
-200021210
In base 3, what is -1101221 - -20021?
-1011200
In base 8, what is 163366 + -5?
163361
In base 5, what is 3110412 + -10?
3110402
In base 11, what is 26aa7 - 7?
26aa0
In base 11, what is 31980 + 5?
31985
In base 14, what is -102 - 1b?
-11d
In base 8, what is 22 + -1155?
-1133
In base 16, what is 41 - -6e0?
721
In base 11, what is -15 + -3644?
-3659
In base 2, what is -1101 - 1110000010110?
-1110000100011
In base 11, what is -7 + 722a?
7223
In base 11, what is -14a1 + 49a?
-1002
In base 6, what is -43004 - -50?
-42514
In base 9, what is 8 - -1330025?
1330034
In base 5, what is -3 + 112131?
112123
In base 9, what is 2 - 1871868?
-1871866
In base 2, what is 10001111001 + 100000?
10010011001
In base 16, what is -15b9 - -13?
-15a6
In base 15, what is 4899a - 4?
48996
In base 14, what is 2 - 28a5?
-28a3
In base 7, what is -24 + 121153?
121126
In base 6, what is 2 + -120241?
-120235
In base 5, what is 2030000 + 304?
2030304
In base 8, what is -1046424 - 4?
-1046430
In base 16, what is 3f7 - -164?
55b
In base 13, what is 2 + -7a14?
-7a12
In base 16, what is 1d15f - 5?
1d15a
In base 6, what is -23 + -3501?
-3524
In base 15, what is -402bd + 3?
-402ba
In base 8, what is -27 + 15770?
15741
In base 6, what is -42 + -14054?
-14140
In base 4, what is -310230033 - -2?
-310230031
In base 10, what is 41 + 1001?
1042
In base 4, what is 1212120 + 11010?
1223130
In base 12, what is 427a + 21?
429b
In base 14, what is -2 - 565c5?
-565c7
In base 10, what is 9410 + -1?
9409
In base 4, what is -1003210 - -2001?
-1001203
In base 7, what is 12 + -216613?
-216601
In base 10, what is 3 - -2187671?
2187674
In base 10, what is 78913 + -2?
78911
In base 13, what is -2 - 276?
-278
In base 16, what is -124 + 20?
-104
In base 16, what is -4 + -9d3ee?
-9d3f2
In base 4, what is 22323 + -1333333?
-1311010
In base 6, what is -4 + 2144255?
2144251
In base 14, what is -66b61 - 14?
-66b75
In base 6, what is 25 - -3342?
3411
In base 3, what is 1222 + 202212021?
202221020
In base 9, what is -8 - -6435?
6426
In base 16, what is -700 - 57a?
-c7a
In base 8, what is -13 - -1003?
770
In base 7, what is 5141530 - 5?
5141522
In base 13, what is 1312 + -a?
1305
In base 4, what is -312100 - 31?
-312131
In base 16, what is -190 + 1a4b?
18bb
In base 8, what is -3 - 3742?
-3745
In base 14, what is 7860 - 1?
785d
In base 5, what is -2114404 + -3?
-2114412
In base 10, what is -16 - 479?
-495
In base 12, what is -b0437 - -10?
-b0427
In base 16, what is -6 - -e13?
e0d
In base 2, what is -10001000010000111111 - 10?
-10001000010001000001
In base 2, what is -1010000110 - 101001?
-1010101111
In base 10, what is 469 + -2290?
-1821
In base 5, what is -33 - 1424121?
-1424204
In base 9, what is -352223 - 1?
-352224
In base 14, what is -173975 + -4?
-173979
In base 8, what is -454667 - 1?
-454670
In base 9, what is -422148 - 4?
-422153
In base 8, what is 7650673 - 3?
7650670
In base 2, what is -1010111100001 + -10010010?
-1011001110011
In base 16, what is -23 + 806?
7e3
In base 5, what is -1244 - -1031?
-213
In base 11, what is -49 - -7a6?
758
In base 8, what is -1 - -470001?
470000
In base 5, what is -124 - -21222?
21043
In base 12, what is 8171b + 4?
81723
In base 13, what is -4 + 23710?
23709
In base 8, what is 1055316 + 0?
1055316
In base 12, what is 86 + 274?
33a
In base 5, what is -433220 + -42?
-433312
In base 11, what is -54 + -57?
-100
In base 3, what is 111121122 - -202?
111122101
In base 6, what is -401 + 3200?
2355
In base 12, what is 13181 + 2?
13183
In base 10, what is -7945 + -127?
-8072
In base 13, what is -1398 + 19b?
-11ca
In base 5, what is -10 - 34123410?
-34123420
In base 4, what is -1100022020 + -11?
-1100022031
In base 8, what is 1 + -37431?
-37430
In base 5, what is -4240120 - 4?
-4240124
In base 16, what is 34319 - -3?
3431c
In base 2, what is -101 - 1000100010100?
-1000100011001
In base 16, what is -2 - f6fb?
-f6fd
In base 4, what is -3 + 1032001101?
1032001032
In base 10, what is 72545 - -10?
72555
In base 15, what is 6027ec - -5?
602802
In base 13, what is -2 + c91?
c8c
In base 3, what is 1020 - -11100101?
11101121
In base 7, what is -463612 + 1?
-463611
In base 16, what is -b - ea04?
-ea0f
In base 5, what is 200142402 + 2?
200142404
In base 9, what is -138203 + 6?
-138186
In base 16, what is -aaa3 + 1c?
-aa87
In base 4, what is 31330 - 131312?
-33322
In base 11, what is -46 + -15886?
-15921
In base 14, what is -2b991 + -c?
-2b99d
In base 13, what is 6b6c - -c?
6b7b
In base 6, what is 252142 - 34?
252104
In base 11, what is -336492 - -3?
-33648a
In base 11, what is -44212 - 17?
-44229
In base 13, what is 2851 + -1?
2850
In base 4, what is -200020 + 13?
-200001
In base 5, what is 33142 - -212?
33404
In base 4, what is -1002300 + -201?
-1003101
In base 14, what is -9c6a7 - -1?
-9c6a6
In base 12, what is 1 + 98841?
98842
In base 4, what is 2321 - -222210?
231131
In base 13, what is 82 + 12a?
1ac
In base 10, what is -3082 + -6?
-3088
In base 15, what is 661 - 11?
650
In base 13, what is -1 - 3989a5?
-3989a6
In base 7, what is -1561106 - 2?
-1561111
In base 2, what is -101 - -10001110111?
10001110010
In base 15, what is 6d + -b532?
-b4b4
In base 16, what is -11e32 - 2?
-11e34
In base 12, what is 7b85a - -5?
7b863
In base 8, what is 127727 + 4?
127733
In base 16, what is 46 - -584d?
5893
In base 7, what is -121 - 331?
-452
In base 7, what is -16313 + 64?
-16216
In base 5, what is 11213114 - 11?
11213103
In base 7, what is -430 - 1